{"id":566,"date":"2024-05-21T12:33:22","date_gmt":"2024-05-21T12:33:22","guid":{"rendered":"https:\/\/spitalpremiere.ro\/apt\/?post_type=product&#038;p=566"},"modified":"2025-12-17T13:11:34","modified_gmt":"2025-12-17T13:11:34","slug":"varicone","status":"publish","type":"product","link":"https:\/\/spitalpremiere.ro\/apt\/product\/varicone\/","title":{"rendered":"Varicone"},"content":{"rendered":"<p>Varicone este un tratament inovativ destinat combaterii varicelor, oferind o solu\u021bie eficient\u0103 f\u0103r\u0103 necesitatea unei interven\u021bii chirurgicale. Acest crem\u0103 natural\u0103 a fost creat\u0103 pentru a \u00eembun\u0103t\u0103\u021bi circula\u021bia sanguin\u0103, cur\u0103\u021ba vasele de s\u00e2nge \u0219i venele, \u0219i pentru a preveni formarea trombilor. Utilizarea regulat\u0103 a cremei Varicone are un impact pozitiv asupra func\u021bion\u0103rii valvelor venoase, \u00eent\u0103re\u0219te pere\u021bii vaselor de s\u00e2nge \u0219i reduce presiunea asupra acestora, prevenind astfel stagnarea s\u00e2ngelui. Compozi\u021bia bine aleas\u0103 a produsului nu provoac\u0103 reac\u021bii alergice, ro\u0219ea\u021b\u0103, durere sau m\u00e2nc\u0103rime \u00een picioare.<\/p>\n<h2>Varicone: Ingrediente<\/h2>\n<p>Produsul Varicone include o serie de ingrediente active naturale, recunoscute pentru propriet\u0103\u021bile lor benefice asupra s\u0103n\u0103t\u0103\u021bii venelor:<\/p>\n<ul>\n<li><strong>Extract de Donnic\u0103 Medicinal\u0103 (Melilotus officinalis)<\/strong>: Utilizat pentru propriet\u0103\u021bile sale antiinflamatorii \u0219i de \u00eembun\u0103t\u0103\u021bire a circula\u021biei sanguine.<\/li>\n<li><strong>Extract de Semin\u021be de Castan S\u0103lbatic (Aesculus hippocastanum)<\/strong>: Cunoscut pentru efectele sale asupra \u00eent\u0103ririi venelor \u0219i reducerea inflama\u021biei.<\/li>\n<li><strong>Extract de Alge (Algae)<\/strong>: Ajut\u0103 la detoxifierea \u0219i purificarea vaselor de s\u00e2nge.<\/li>\n<li><strong>Extract de Centella Asiatic\u0103 (Centella asiatica)<\/strong>: Stimuleaz\u0103 sinteza de colagen \u0219i \u00eembun\u0103t\u0103\u021be\u0219te elasticitatea pielii.<\/li>\n<li><strong>Extract de R\u0103d\u0103cin\u0103 de Brusture Mare (Arctium lappa)<\/strong>: Are propriet\u0103\u021bi antioxidante puternice \u0219i ajut\u0103 la regenerarea \u021besuturilor.<\/li>\n<\/ul>\n<h2>Varicone: cump\u0103ra\u021bi \u00een Rom\u00e2nia, de unde s\u0103 cump\u0103ra\u021bi \u00een farmacii<\/h2>\n<p>Este important de men\u021bionat c\u0103 Varicone nu este disponibil \u00een farmaciile tradi\u021bionale. Pentru a asigura autenticitatea \u0219i eficacitatea, este recomandat s\u0103 achizi\u021biona\u021bi produsul direct de pe site-ul oficial al produc\u0103torului.<\/p>\n<h2>De unde s\u0103 cump\u0103ra\u021bi Varicone? Site-ul web al produc\u0103torului, Tei, Dr Max \u0219i Catena?<\/h2>\n<p>Cel mai sigur loc de unde pute\u021bi achizi\u021biona Varicone este site-ul web oficial al produc\u0103torului. Cump\u0103r\u00e2nd direct de la surs\u0103, beneficia\u021bi de numeroase avantaje:<\/p>\n<ul>\n<li><strong>Garan\u021bia autenticit\u0103\u021bii<\/strong>: Asigura\u021bi-v\u0103 c\u0103 produsul este original \u0219i nu o imita\u021bie.<\/li>\n<li><strong>Cel mai bun pre\u021b<\/strong>: Evita\u021bi adaosurile comerciale pe care le aplic\u0103 retailerii.<\/li>\n<li><strong>Livrare rapid\u0103<\/strong>: Produsul va fi livrat direct la adresa dvs. \u00eentr-un timp scurt.<\/li>\n<li><strong>Op\u021biunea de plat\u0103 la primire<\/strong>: Pute\u021bi opta pentru plata produsului la momentul livr\u0103rii.<\/li>\n<li><strong>Acces la promo\u021bii speciale<\/strong>: Profita\u021bi de ofertele \u0219i promo\u021biile disponibile exclusiv pe site-ul oficial.<\/li>\n<\/ul>\n<p>Recomand\u0103m s\u0103 evita\u021bi achizi\u021bia Varicone din alte surse, cum ar fi farmacii sta\u021bionare sau magazine online neautorizate, pentru a preveni riscul de a cump\u0103ra produse contraf\u0103cute sau ineficiente. Prin achizi\u021bionarea direct\u0103 de la produc\u0103tor, v\u0103 asigura\u021bi c\u0103 ob\u021bine\u021bi un produs de \u00eenalt\u0103 calitate, testat \u0219i aprobat pentru a v\u0103 oferi cele mai bune rezultate \u00een lupta \u00eempotriva varicelor.<\/p>\n<p style=\"text-align: center;\"><a href=\"http:\/\/tl-track.com\/tracker\/uGwu\"><button>www.varicone.ro<\/button><\/a><\/p>\n<h2>Varicone: opinii reale de pe forumurile din Rom\u00e2nia<\/h2>\n<p>Varicone a c\u00e2\u0219tigat rapid popularitate nu numai \u00een Rom\u00e2nia, ci \u0219i \u00een \u00eentreaga Europ\u0103, datorit\u0103 eficacit\u0103\u021bii sale remarcabile \u00een tratamentul varicelor. Multe dintre recenziile din 2024 pot fi g\u0103site pe diverse forumuri de s\u0103n\u0103tate, unde utilizatorii \u00eemp\u0103rt\u0103\u0219esc experien\u021bele:<\/p>\n<ol>\n<li><strong>Mariana34<\/strong>: &#8222;Dup\u0103 multe tratamente \u00eencercate, Varicone a fost solu\u021bia care mi-a adus cele mai bune rezultate. Am observat o \u00eembun\u0103t\u0103\u021bire semnificativ\u0103 \u00een doar c\u00e2teva s\u0103pt\u0103m\u00e2ni de utilizare. Venele mele sunt mai pu\u021bin vizibile \u0219i durerea a disp\u0103rut aproape complet.&#8221;<\/li>\n<li><strong>IoniCosmin<\/strong>: &#8222;Recomand cu c\u0103ldur\u0103 Varicone oricui se lupt\u0103 cu varicele. Este un produs care chiar func\u021bioneaz\u0103 f\u0103r\u0103 a fi nevoie de interven\u021bii costisitoare. Plus, aplicarea este foarte u\u0219oar\u0103 \u0219i pl\u0103cut\u0103.&#8221;<\/li>\n<li><strong>ElenaDraga<\/strong>: &#8222;Am fost sceptic\u0103 la \u00eenceput, dar rezultatele vorbesc de la sine. Varicone m-a ajutat s\u0103 rec\u00e2\u0219tig confortul \u0219i \u00eencrederea, sc\u0103p\u00e2nd de problemele cu varicele. Este un produs pe care \u00eel voi folosi \u00een continuare pentru a men\u021bine rezultatele.&#8221;<\/li>\n<\/ol>\n<p>Aceste m\u0103rturii subliniaz\u0103 eficacitatea Varicone \u0219i confirm\u0103 satisfac\u021bia utilizatorilor fa\u021b\u0103 de acest tratament revolu\u021bionar.<\/p>\n<h2>Varicone pre\u021b: c\u00e2t cost\u0103, disponibilitate<\/h2>\n<p>Pentru a verifica pre\u021bul actual \u0219i disponibilitatea Varicone, cea mai bun\u0103 op\u021biune este s\u0103 vizita\u021bi site-ul oficial al produc\u0103torului. Acolo ve\u021bi g\u0103si informa\u021bii actualizate despre costuri \u0219i stocuri, permi\u021b\u00e2ndu-v\u0103 s\u0103 achizi\u021biona\u021bi produsul la cel mai bun pre\u021b posibil. De asemenea, pe site sunt adesea listate oferte speciale \u0219i promo\u021bii, f\u0103c\u00e2nd tratamentul accesibil unui num\u0103r \u0219i mai mare de persoane.<\/p>\n<h2>Cum s\u0103 comanda\u021bi?<\/h2>\n<p>Procesul de comand\u0103 a Varicone este simplu \u0219i convenabil. Pentru a plasa o comand\u0103, urma\u021bi ace\u0219ti pa\u0219i simpli:<\/p>\n<ol>\n<li>Accesa\u021bi site-ul oficial al produc\u0103torului.<\/li>\n<li>C\u0103uta\u021bi butonul \u201eComand\u0103\u201d \u0219i face\u021bi clic pe acesta.<\/li>\n<li>Completa\u021bi formularul de comand\u0103 cu detaliile necesare.<\/li>\n<li>Un operator v\u0103 va contacta pentru a confirma comanda \u0219i pentru a discuta detaliile livr\u0103rii.<\/li>\n<li>Plata se realizeaz\u0103 la primirea produsului, asigur\u00e2ndu-v\u0103 de faptul c\u0103 primi\u021bi exact ceea ce a\u021bi comandat.<\/li>\n<\/ol>\n<p>Prin ace\u0219ti pa\u0219i simpli, pute\u021bi beneficia rapid \u0219i \u00een siguran\u021b\u0103 de avantajele oferite de Varicone, \u00eencep\u00e2nd tratamentul \u00eempotriva varicelor f\u0103r\u0103 \u00eent\u00e2rziere.<\/p>\n<h2>Varicone: Beneficiile utiliz\u0103rii<\/h2>\n<p>Utilizarea Varicone aduce o serie de beneficii semnificative pentru s\u0103n\u0103tatea venelor, oferind o solu\u021bie natural\u0103 \u0219i eficient\u0103 \u00eempotriva varicelor:<\/p>\n<ul>\n<li><strong>\u00cembun\u0103t\u0103\u021birea circula\u021biei sanguine<\/strong>: Varicone ajut\u0103 la stimularea circula\u021biei, reduc\u00e2nd simptomele nepl\u0103cute ale varicelor, cum ar fi umflarea picioarelor \u0219i senza\u021bia de greutate.<\/li>\n<li><strong>Fortificarea pere\u021bilor venelor<\/strong>: Ingredientele active din Varicone contribuie la \u00eent\u0103rirea pere\u021bilor vasculari, prevenind deteriorarea acestora pe termen lung.<\/li>\n<li><strong>Reducerea inflama\u021biei \u0219i a durerii<\/strong>: Compozi\u021bia natural\u0103 a cremei ajut\u0103 la reducerea inflama\u021biei \u0219i la calmarea durerilor asociate cu varicele.<\/li>\n<li><strong>Prevenirea form\u0103rii trombilor<\/strong>: Varicone are propriet\u0103\u021bi anticoagulante, ajut\u00e2nd la prevenirea form\u0103rii cheagurilor de s\u00e2nge, care pot complica starea venelor varicoase.<\/li>\n<\/ul>\n<h2>Varicone cum se utilizeaz\u0103: instruc\u021biuni, prospect<\/h2>\n<p>Pentru a ob\u021bine cele mai bune rezultate de la Varicone, este important s\u0103 urma\u021bi instruc\u021biunile de utilizare conforme cu recomand\u0103rile produc\u0103torului:<\/p>\n<ol>\n<li><strong>Cur\u0103\u021ba\u021bi zona afectat\u0103<\/strong>: \u00cenainte de aplicare, asigura\u021bi-v\u0103 c\u0103 pielea este curat\u0103 \u0219i uscat\u0103.<\/li>\n<li><strong>Aplica\u021bi crem\u0103<\/strong>: Lua\u021bi o cantitate mic\u0103 de crem\u0103 \u0219i masa\u021bi delicat pe zonele cu varice, p\u00e2n\u0103 c\u00e2nd este complet absorbit\u0103 de piele.<\/li>\n<li><strong>Frecven\u021ba utiliz\u0103rii<\/strong>: Aplica\u021bi crem\u0103 de dou\u0103 ori pe zi, diminea\u021ba \u0219i seara, pentru rezultate optime.<\/li>\n<li><strong>Curs recomandat<\/strong>: Pentru beneficii maxime, utiliza\u021bi Varicone \u00een mod regulat pentru o perioad\u0103 de cel pu\u021bin 1-2 luni.<\/li>\n<\/ol>\n<p>Respectarea acestor instruc\u021biuni va maximiza eficacitatea tratamentului \u0219i va accelera ob\u021binerea rezultatelor dorite.<\/p>\n<h2>Varicone: Rezultatul utiliz\u0103rii<\/h2>\n<p>Utilizatorii Varicone pot observa \u00eembun\u0103t\u0103\u021biri notabile \u00een c\u00e2teva s\u0103pt\u0103m\u00e2ni de la \u00eenceperea tratamentului. Venele devin mai pu\u021bin vizibile, iar simptomele asociate varicelor, cum ar fi durerea \u0219i umflarea, sunt semnificativ reduse. Prin utilizare continu\u0103, Varicone poate ajuta la restabilirea s\u0103n\u0103t\u0103\u021bii \u0219i aspectului natural al picioarelor.<\/p>\n<h2>Varicone: Efecte secundare \u0219i contraindica\u021bii<\/h2>\n<p>Datorit\u0103 compozi\u021biei sale naturale, Varicone este considerat sigur pentru majoritatea utilizatorilor, cu riscuri minime de efecte secundare. Nu sunt raportate frecvent reac\u021bii adverse severe. Totu\u0219i, ca orice produs cosmetic sau de \u00eengrijire personal\u0103, este posibil ca unele persoane s\u0103 experimenteze sensibilitate sau reac\u021bii alergice la unul dintre ingredientele naturale. \u00cen aceste cazuri, se recomand\u0103 \u00eentreruperea utiliz\u0103rii \u0219i consultarea unui specialist.<\/p>\n<p>Este important s\u0103 consulta\u021bi prospectul produsului \u0219i s\u0103 respecta\u021bi instruc\u021biunile de utilizare pentru a evita orice poten\u021biale inconveniente. \u00cen general, Varicone este bine tolerat \u0219i ofer\u0103 o solu\u021bie eficient\u0103 \u0219i sigur\u0103 pentru gestionarea varicelor f\u0103r\u0103 necesitatea procedurilor medicale invazive.<\/p>\n","protected":false},"excerpt":{"rendered":"<p style=\"text-align: center;\"><a href=\"http:\/\/tl-track.com\/tracker\/uGwu\"><button>CUMP\u0102R\u0102<\/button><\/a><\/p>\n<p style=\"text-align: center;\"><span data-sheets-root=\"1\" data-sheets-value=\"{&quot;1&quot;:2,&quot;2&quot;:&quot;*la cump\u0103rarea unui curs&quot;}\" data-sheets-userformat=\"{&quot;2&quot;:4226,&quot;4&quot;:{&quot;1&quot;:2,&quot;2&quot;:16773836},&quot;10&quot;:2,&quot;15&quot;:&quot;Arial&quot;}\">*la cump\u0103rarea unui curs<\/span><\/p>\n<p>NUM\u0102R:7628<\/p>\n","protected":false},"featured_media":567,"comment_status":"open","ping_status":"closed","template":"","meta":[],"product_brand":[],"product_cat":[18],"product_tag":[],"class_list":{"0":"post-566","1":"product","2":"type-product","3":"status-publish","4":"has-post-thumbnail","6":"product_cat-sanatate","7":"thunk-woo-product-list","8":"opn-qv-enable","9":"top-store-woo-hover-","10":"top-store-single-product-tab-horizontal","11":"top-store-shadow-","12":"top-store-shadow-hover-","14":"first","15":"instock","16":"sale","17":"shipping-taxable","18":"purchasable","19":"product-type-simple"},"aioseo_notices":[],"_links":{"self":[{"href":"https:\/\/spitalpremiere.ro\/apt\/wp-json\/wp\/v2\/product\/566","targetHints":{"allow":["GET"]}}],"collection":[{"href":"https:\/\/spitalpremiere.ro\/apt\/wp-json\/wp\/v2\/product"}],"about":[{"href":"https:\/\/spitalpremiere.ro\/apt\/wp-json\/wp\/v2\/types\/product"}],"replies":[{"embeddable":true,"href":"https:\/\/spitalpremiere.ro\/apt\/wp-json\/wp\/v2\/comments?post=566"}],"wp:featuredmedia":[{"embeddable":true,"href":"https:\/\/spitalpremiere.ro\/apt\/wp-json\/wp\/v2\/media\/567"}],"wp:attachment":[{"href":"https:\/\/spitalpremiere.ro\/apt\/wp-json\/wp\/v2\/media?parent=566"}],"wp:term":[{"taxonomy":"product_brand","embeddable":true,"href":"https:\/\/spitalpremiere.ro\/apt\/wp-json\/wp\/v2\/product_brand?post=566"},{"taxonomy":"product_cat","embeddable":true,"href":"https:\/\/spitalpremiere.ro\/apt\/wp-json\/wp\/v2\/product_cat?post=566"},{"taxonomy":"product_tag","embeddable":true,"href":"https:\/\/spitalpremiere.ro\/apt\/wp-json\/wp\/v2\/product_tag?post=566"}],"curies":[{"name":"wp","href":"https:\/\/api.w.org\/{rel}","templated":true}]}}